pose 5*v = 2*a + 16, -4*a - 2*v = -v + 10. What is the units digit of 16 + (a + 2)/(-1)?
7
Suppose 2*a = -a - 9, 4*u = -4*a - 4. Suppose -4*p - 8 = u*q, -4*q - p + 12 = -0*p. What is the units digit of q?
4
Let u(v) = 4*v + 1. Let c be u(-1). Let f(t) = 3*t**2 - 4*t - 7. What is the units digit of f(c)?
2
Suppose 0 = 3*x + 3*h - 3, 4*h = -5*x + 8. Suppose t - x = 0, -4*r + 0*r + 40 = 4*t. What is the units digit of r?
6
Let j(t) = -t**3 - t**2 - 1. Let d be j(-2). Let m(v) = 2*v**2 + v**d + 0*v**3 - 3*v + 5 - 5*v**2. What is the units digit of m(4)?
9
What is the tens digit of (-250)/(-6) - 2/3?
4
Let m(j) be the third derivative of -j**5/60 - 13*j**4/24 - 5*j**3/3 - 4*j**2. Let p be m(-11). Let x = 20 - p. What is the units digit of x?
8
Suppose -3 - 6 = 3*l. What is the tens digit of 38/15*l*-5?
3
Let w(s) = 2*s - 3. Let h be (-20)/8 - (-2)/4. Let m = h - -5. What is the units digit of w(m)?
3
Let m be 0/((5 - 1) + -2). Suppose m = -2*j - 2 - 0, -2*x - 2*j + 90 = 0. What is the units digit of x?
6
Suppose -2*u + 2 = -26. Suppose m + 0*q - 8 = -5*q, -u = -4*m - 2*q. What is the units digit of 1/m - 4/(-6)?
1
Let o(h) = 7 + 6*h + 8*h**2 + 5 - h**3 + 2*h**3. Let y be o(-8). What is the units digit of -2 - 0 - y/6?
4
What is the tens digit of (6 - -52) + (3 - -1)?
6
Let w(y) = y**2 + 17*y + 14. Let h(s) = 2*s**2 + 33*s + 27. Let r(j) = -3*h(j) + 5*w(j). What is the units digit of r(-13)?
2
Suppose b + 3*r = r + 13, -5*b + r + 21 = 0. Suppose -4*d - 3*s + 49 = 0, -b*s + s - 36 = -d. What is the tens digit of d?
1
Let q(m) = -3*m**2 - 4*m**2 + 2*m + 5*m + 5 - m**3. What is the tens digit of q(-8)?
1
Let w be 1/1 - (4 + -3). Let l(z) = z + 7. Let x be l(w). Let f = x - 2. What is the units digit of f?
5
Let k(x) = 5*x - x**2 + 11 + 3*x + 4*x + 0*x. What is the tens digit of k(11)?
2
Let i = 19 + -14. Suppose 0*q - 2*q = 10, -38 = -3*l - i*q. What is the units digit of l?
1
Suppose -13*w + 2000 = -3*w. What is the tens digit of w?
0
Suppose -5*o = -3*s + 6, 5*s + 7*o = 3*o + 10. Let d(g) = g**s + g - g + g - g**3 + 8. What is the units digit of d(0)?
8
Suppose 2*j + 0 = 6. What is the units digit of j - -1 - (-4)/2?
6
Let b = 6 + -22. What is the units digit of (-2)/4*(b + 6)?
5
Suppose s = 5*s + 4. Let i(k) = 2*k**2 + 6 + 2*k - 11*k**3 - k**2 - 5. What is the units digit of i(s)?
1
Suppose -2*h + 24 = 2*h. Suppose 8*x - h*x - 26 = 0. What is the tens digit of x?
1
Suppose 0 = o - 3*o + 48. What is the units digit of o?
4
Let k(w) = -w - 11. Let b be k(-6). Let y(l) = -l**2 - 5*l + 5. Let n be y(b). Suppose 5*p = -5*a - n, -2*p = 2*p - 5*a - 14. What is the units digit of p?
1
Let d(t) = t + 1. Let i be d(4). Let k = 0 + i. Suppose -4*u + k*u = 5. What is the units digit of u?
5
Let x(g) = -3*g**3 + 8*g**2 - 10*g - 6. Let s(k) = -4*k**3 + 9*k**2 - 11*k - 7. Let p(h) = -4*s(h) + 5*x(h). What is the units digit of p(-5)?
3
Let m(o) = 5 + 0 + 2 + 9*o + 2*o**2. What is the units digit of m(-6)?
5
Let m(p) = p**2 + 10*p + 13. Let w(l) = l**2 + 7*l - 3. Let x be w(-6). What is the units digit of m(x)?
4
Suppose 0 = 5*d, -4*d + 138 = i - 35. What is the tens digit of i?
7
Suppose 3*m = 2*s - 7*s + 190, 0 = 5*m + 5*s - 310. Suppose 5*a = 5*z + m, -5*a + 0*z + 52 = 3*z. What is the units digit of a?
1
Let m(d) = -d**2 + 4. Let n be m(3). Let x be (-42)/n + 4/(-10). Suppose -o = -5*o + x. What is the units digit of o?
2
Let p(b) = -19*b - 6. Let t(u) = -10*u - 3. Let k(h) = 3*p(h) - 5*t(h). What is the tens digit of k(-4)?
2
What is the tens digit of ((-6)/(-9))/(2/102)?
3
Let i = 234 + -6. What is the tens digit of i?
2
Let b(v) = -v**2 + 9*v + 2. What is the units digit of b(5)?
2
Suppose t - 89 = -b, 0 = 2*t + 3*t + 20. What is the units digit of b?
3
Let p be 2/((-2)/(-3)) - 0. Suppose -5*r = 5*s - 65, 19 = 4*r + p*s - 28. Suppose 0 = -4*q + r, 5*q - 7 = x + q. What is the units digit of x?
1
Let h(b) = b**3 + b**2 - 4*b - 4. Let r be h(-3). Let l be 5/r + (-11)/2. Let v = l + 11. What is the units digit of v?
5
Suppose 5*r + 6*z = 3*z + 47, 3*r = 3*z + 9. Suppose 2*w = w + r. What is the units digit of w?
7
Suppose -6*h - 112 = -2*h. Let v = -18 - h. What is the tens digit of v?
1
Let o = -2 + 64. What is the units digit of o?
2
Let g = -1 + 1. Let n = g - -2. Suppose 4 = 2*r - n. What is the units digit of r?
3
Let c = -3 - 0. What is the units digit of (-5)/c + (-10)/15?
1
Suppose 0 = -4*b - k + 2*k - 107, 3*b - 3*k = -87. Let h = 53 + b. What is the tens digit of h?
2
Let w(n) = 8*n**2 + 2*n + 3*n**3 - n**2 - 7 - 4*n**3. Suppose -3*a + 2*a = -7. What is the units digit of w(a)?
7
Let y(g) be the third derivative of g**6/30 - g**5/15 + g**4/8 - g**3/6 - 2*g**2. What is the tens digit of y(2)?
2
Suppose -4*k + 3*k + 252 = 0. What is the hundreds digit of k?
2
Let b = -13 + 80. What is the tens digit of b?
6
Suppose 2*c - 32 - 2 = 0. Let a = c + -11. Let p = 6 + a. What is the tens digit of p?
1
Suppose -79 = -3*y - 346. Let c be 2/(-3) + y/(-3). Let x = c + -15. What is the tens digit of x?
1
Let t = -276 + 507. What is the units digit of t?
1
Let q(c) = c**3 + 5*c**2 - 8*c + 4. Let h be ((-12)/9)/((-4)/(-18)). What is the units digit of q(h)?
6
Suppose 4*r - 4*i - 8 - 4 = 0, 2*r - i = 9. Suppose 3*h + r = 4*h. What is the units digit of h?
6
Let z(q) = -q**3 + 3*q**2 + 3*q + 4. Let s be z(4). Suppose s = -0*a + 3*a. Suppose y - 1 - 2 = a. What is the units digit of y?
3
Suppose 5*m - 11 = -5*h + 29, -5*h - 14 = -m. What is the units digit of m?
9
Let u(n) = -n**3 + 3*n**2 + 5*n - 2. Let i = 14 + -10. What is the units digit of u(i)?
2
Suppose 0*j = 4*j + 3*t - 147, -3 = t. What is the tens digit of j?
3
Suppose -11*z + 35 = -6*z. Suppose 0 = -f + 4*i + 26, z*i = 2*i - 25. What is the units digit of f?
6
Let l = -3 - 2. Let a(c) = -4*c - 3. Let v(r) = -r - 1. Let x(p) = a(p) - 3*v(p). What is the units digit of x(l)?
5
Suppose -83 = 3*p - 296. Let r = p + -25. What is the units digit of r?
6
Let p be 4*3/(3 + -6). Let o = p - -17. What is the units digit of o?
3
Suppose -3*c = 6, -36 = -3*r - c - 8. Let f = 11 - r. Let n(s) = 5*s**2 + 1. What is the units digit of n(f)?
6
Suppose -4*z + 5*p + 18 = 0, 6 = z - 0*p - 2*p. Let j(i) = i**2 - 2. What is the units digit of j(z)?
2
What is the tens digit of (-321)/(-12) - (-9)/(-12)?
2
Let s(p) = -8*p**3 - 2*p**2 - 4*p - 3. What is the units digit of s(-1)?
7
Suppose -2*n = -k - 14 - 31, -2*n - 5*k + 75 = 0. Suppose 3*f + 2*f = n. What is the units digit of f?
5
Let f = 15 - 8. What is the units digit of f?
7
Let z = 35 + 4. What is the tens digit of z?
3
Let b(v) = -v**2 - 2. Let n be b(2). What is the units digit of (-4)/n*3 - -12?
4
Let z(m) = 4*m**3 - 2*m**2 + 2*m - 1. Let f be z(1). Suppose 0 = -w + f*d - 18, 4*w + 2*d + 111 = d. What is the units digit of w/(-4) - (-4)/16?
7
Let b = 11 - 2. Suppose 2*j = -b + 43. What is the units digit of j?
7
Let k be -1 - (-6*4 - 2). Suppose 5*c - k + 0 = 0. Suppose -c*b + 3*s + 35 = 0, -4*s + 28 = 4*b - 0*b. What is the units digit of b?
7
Let n = -13 + 21. Let r = n + -2. What is the units digit of r?
6
Let l = -13 + 14. What is the units digit of l?
1
Let w = 287 - 148. What is the tens digit of w?
3
Let d(h) = 5*h**2 + 4*h + 2. What is the tens digit of d(-3)?
3
Let r be 5/2 - (-2)/4. Suppose 0 = -2*m - r*c + 4, -2*m - 2*m + 8 = -5*c. What is the units digit of m?
2
Suppose 0 = -3*r - 98 - 1. Let p = 49 + r. What is the tens digit of p?
1
Let p(b) = 12*b**2 + 2*b - 1. What is the units digit of p(-2)?
3
Let v(n) = 2*n + 6. Let b be v(-5). Let j = b - -8. Suppose -q + j*s = 2*q - 5, 4*q + 4*s - 16 = 0. What is the units digit of q?
3
Suppose -3 = -2*g + 27. Let i = -4 + g. What is the units digit of i?
1
Suppose 4 = 2*j + 12. What is the tens digit of j/(-1 + 3/4)?
1
Let k = 98 + -23. What is the tens digit of k?
7
Suppose -697 = 5*j - 2867. What is the hundreds digit of j?
4
Suppose 2*c + c + 3*x - 561 = 0, 4*c = -2*x + 740. What is the units digit of c?
3
Let k = -117 + 173. What is the units digit of k?
6
Let v(k) = k**2 - 4*k. Let t be v(3). Let a = t - -14. What is the tens digit of a?
1
Let a be 6/(-12)*(-10 - 0). Suppose -3*i = -a*m + 235, m - 5*i = -26 + 73. What is the units digit of m?
7
Let f = 9 - 7. Suppose -3*m - f*g - 9 + 44 = 0, -m - 5*g = -29. 